{"id":16940,"date":"2022-09-20T08:05:28","date_gmt":"2022-09-20T07:05:28","guid":{"rendered":"https:\/\/cervezalasagra.es\/tienda\/?post_type=product&#038;p=16940"},"modified":"2026-04-20T11:26:46","modified_gmt":"2026-04-20T09:26:46","slug":"la-sagra-botella-33-cl-52-vol-copia","status":"publish","type":"product","link":"https:\/\/cervezalasagra.es\/tienda\/la-sagra-botella-33-cl-52-vol-copia\/","title":{"rendered":"LA SAGRA <\/br> <span>botella 33 cl &#8211; 5,2% vol.<\/span>"},"content":{"rendered":"<p>LA SAGRA Bohemia &#8211; Lager \/ Botella 33cl<\/p>\n<p>De color dorado, espuma firme, aroma lupulado y amargor gradual con final maltoso ligero. 100% malta de cebada.<\/p>\n<p>&nbsp;<\/p>\n","protected":false},"excerpt":{"rendered":"<p>La cerveza que lleva nuestro nombre y representa lo mejor de nuestros valores. Elaborada aunando tradici\u00f3n e innovaci\u00f3n, respetando la calidad de sus ingredientes naturales: agua, malta 100% de cebada, l\u00fapulo y levadura. Su sabor suave, pero con personalidad, le permite ser disfrutada por todos. Premiada en los World Beer Awards con dos medallas de oro en su estilo, que la distinguen como la mejor cerveza a nivel mundial y nacional.<\/p>\n<p><b data-stringify-type=\"bold\">GASTOS DE ENV\u00cdO GRATIS<\/b><\/p>\n<p style=\"font-size: 10px;\">* Precio\/Litro: Pack 24 botellas: 3,15\u20ac<\/p>\n","protected":false},"featured_media":25335,"comment_status":"open","ping_status":"closed","template":"","meta":{"_acf_changed":false},"product_brand":[],"product_cat":[66,463,63,499,498],"product_tag":[423,236,380,358,413,237,381,238,425,240],"class_list":{"0":"post-16940","1":"product","2":"type-product","3":"status-publish","4":"has-post-thumbnail","6":"product_cat-artesanales","7":"product_cat-cervezas-en-suscripcion","8":"product_cat-cervezas-la-sagra","9":"product_cat-la-sagra-nuestras-cervezas","10":"product_cat-nuestras-cervezas","11":"product_tag-bohemia","12":"product_tag-cerveza","13":"product_tag-cerveza-artesana","14":"product_tag-cerveza-la-sagra","15":"product_tag-cerveza-lager","16":"product_tag-cerveza-premium","17":"product_tag-cerveza-rubia","18":"product_tag-la-sagra","19":"product_tag-la-sagra-bohemia","20":"product_tag-sagra","21":"pa_alc-aa-5_0vol","22":"pa_estilo-33-lager","23":"pa_formato-8a-botella33cl","24":"pa_informacionnutricional-83-100ml170kj40kcal","25":"pa_ingredientes-b1-agua_maltadecebada_lupuloy","26":"pa_mantenimiento-d1-conservarenlugarlimpio_fre","27":"pa_temperaturadeconsumo-a1-4_6c","28":"pa_unidades-46-caja24udsx33cl","29":"has-subscription-plans","32":"instock","33":"taxable","34":"shipping-taxable","35":"purchasable","36":"product-type-simple"},"booking_location":null,"booking_location_type":null,"booking_duration":null,"booking_duration_unit":null,"booking_buffer":null,"booking_cost":null,"booking_resources":null,"acf":{"imagen_pagos":false,"ft_tipo":"Lager","ft_alcohol":"5,2","ft_botellas":"2 Botella","ft_amargor":"11","ft_nivel_amargor":"Amargor 1","ft_atributos":[{"ft_nombre_atributo":"Fermentaci\u00f3n","ft_descripcion":"Baja (LAGER)","ft_icono":"https:\/\/cervezalasagra.es\/tienda\/wp-content\/uploads\/2021\/05\/ico-fermentacion.png"},{"ft_nombre_atributo":"Ingredientes","ft_descripcion":"Agua, <strong>malta de cebada<\/strong>,  <strong>cebada<\/strong>, l\u00fapulo y levadura","ft_icono":"https:\/\/cervezalasagra.es\/tienda\/wp-content\/uploads\/2021\/05\/ico-ingredientes.png"},{"ft_nombre_atributo":"Contiene gluten","ft_descripcion":"","ft_icono":"https:\/\/cervezalasagra.es\/tienda\/wp-content\/uploads\/2021\/05\/ico-alergenos.png"},{"ft_nombre_atributo":"T\u00aa de consumo","ft_descripcion":"4-6\u00baC","ft_icono":"https:\/\/cervezalasagra.es\/tienda\/wp-content\/uploads\/2021\/05\/ico-consumo.png"},{"ft_nombre_atributo":"Por 100 ml","ft_descripcion":"182 kJ \/ 44 kcal","ft_icono":"https:\/\/cervezalasagra.es\/tienda\/wp-content\/uploads\/2021\/05\/ico-nutricional.png"},{"ft_nombre_atributo":"Vista","ft_descripcion":"Dorado intenso, aspecto brillante y espuma firme","ft_icono":"https:\/\/cervezalasagra.es\/tienda\/wp-content\/uploads\/2021\/05\/ico-color.png"},{"ft_nombre_atributo":"Aroma","ft_descripcion":"Recuerda especialmente al l\u00fapulo, con un aroma vivo y complejo","ft_icono":"https:\/\/cervezalasagra.es\/tienda\/wp-content\/uploads\/2021\/05\/ico-aroma.png"},{"ft_nombre_atributo":"Gusto","ft_descripcion":"Cuerpo ligero, amargor gradual y final maltoso","ft_icono":"https:\/\/cervezalasagra.es\/tienda\/wp-content\/uploads\/2023\/05\/gusto-e1684323297333.png"}],"ft_imagen_fondo":false,"m_imagen_fondo":"https:\/\/cervezalasagra.es\/tienda\/wp-content\/uploads\/2021\/08\/Maridaje-Pescados_Ensalada_Fritos.jpg","m_titulo":"\u00bfC\u00f3mo combinarlo?","m_alimentos":[{"m_nombre_alimento":"Aperitivos","m_icono_alimento":"https:\/\/cervezalasagra.es\/tienda\/wp-content\/uploads\/2021\/08\/Icono-Maridaje-Aperitivos-1.png"},{"m_nombre_alimento":"Pescados y mariscos","m_icono_alimento":"https:\/\/cervezalasagra.es\/tienda\/wp-content\/uploads\/2021\/08\/Icono-Maridaje-Pescado-yMarisco.png"},{"m_nombre_alimento":"Ensaladas","m_icono_alimento":"https:\/\/cervezalasagra.es\/tienda\/wp-content\/uploads\/2021\/08\/Icono-Maridaje-Ensaladas.png"},{"m_nombre_alimento":"Fritos","m_icono_alimento":"https:\/\/cervezalasagra.es\/tienda\/wp-content\/uploads\/2021\/08\/Icono-Maridaje-Fritos.png"}],"pr_separador":false,"pr_titulo":"No te quedes sin probar...","b_separador":false,"b_titulo":"","b_imagen_1":false,"b_imagen_2":false,"b_imagen_3":false},"jetpack_sharing_enabled":true,"_links":{"self":[{"href":"https:\/\/cervezalasagra.es\/tienda\/wp-json\/wp\/v2\/product\/16940","targetHints":{"allow":["GET"]}}],"collection":[{"href":"https:\/\/cervezalasagra.es\/tienda\/wp-json\/wp\/v2\/product"}],"about":[{"href":"https:\/\/cervezalasagra.es\/tienda\/wp-json\/wp\/v2\/types\/product"}],"replies":[{"embeddable":true,"href":"https:\/\/cervezalasagra.es\/tienda\/wp-json\/wp\/v2\/comments?post=16940"}],"wp:featuredmedia":[{"embeddable":true,"href":"https:\/\/cervezalasagra.es\/tienda\/wp-json\/wp\/v2\/media\/25335"}],"wp:attachment":[{"href":"https:\/\/cervezalasagra.es\/tienda\/wp-json\/wp\/v2\/media?parent=16940"}],"wp:term":[{"taxonomy":"product_brand","embeddable":true,"href":"https:\/\/cervezalasagra.es\/tienda\/wp-json\/wp\/v2\/product_brand?post=16940"},{"taxonomy":"product_cat","embeddable":true,"href":"https:\/\/cervezalasagra.es\/tienda\/wp-json\/wp\/v2\/product_cat?post=16940"},{"taxonomy":"product_tag","embeddable":true,"href":"https:\/\/cervezalasagra.es\/tienda\/wp-json\/wp\/v2\/product_tag?post=16940"}],"curies":[{"name":"wp","href":"https:\/\/api.w.org\/{rel}","templated":true}]}}