{"id":3901,"date":"2015-05-01T01:08:42","date_gmt":"2015-05-01T00:08:42","guid":{"rendered":"https:\/\/cervezalasagra.es\/tienda\/index.php\/producto\/la-sagra-castiza-premium-rubia-54-vol-caja\/"},"modified":"2026-03-23T16:04:00","modified_gmt":"2026-03-23T15:04:00","slug":"la-sagra-castiza-premium-rubia-54-vol-caja","status":"publish","type":"product","link":"https:\/\/cervezalasagra.es\/tienda\/la-sagra-castiza-premium-rubia-54-vol-caja\/","title":{"rendered":"LA SAGRA Castiza <\/br> <span>12 o 24 botellas 33 cl &#8211; 5,4% vol.<\/span>"},"content":{"rendered":"<p><span style=\"color: #000000;\">LA SAGRA\u00a0Castiza Premium\u00a0&#8211; Rubia\u00a0\/\u00a0Botella 33cl<\/span><\/p>\n<p>De color rubio y cuerpo denso. La alta fermentaci\u00f3n le otorga sabor y aroma a frutas, con un amargor refrescante y floral.<\/p>\n<p><span style=\"color: #000000;\"><strong>Gastos de env\u00edo GRATIS<\/strong><\/span><\/p>\n","protected":false},"excerpt":{"rendered":"<p>Solo nuestros Maestros de la Fusi\u00f3n pueden hacer convivir con maestr\u00eda ingredientes de or\u00edgenes diversos en una sola cerveza. LA SAGRA Castiza combina las mejores maltas procedentes de Espa\u00f1a y el selecto l\u00fapulo americano para dar lugar a una cerveza con cuerpo y aroma extraordinarios.<\/p>\n<p><b data-stringify-type=\"bold\">GASTOS DE ENV\u00cdO GRATIS<\/b><\/p>\n<p style=\"font-size: 10px;\">* Precio\/Litro: Pack 12 Botellas: 5,15\u20ac<br \/>\n* Precio\/Litro: Pack 24 Botellas: 5,04\u20ac<\/p>\n","protected":false},"featured_media":20847,"comment_status":"open","ping_status":"closed","template":"","meta":{"_acf_changed":false},"product_brand":[],"product_cat":[66,63,500,498],"product_tag":[236,239,237,238],"class_list":{"0":"post-3901","1":"product","2":"type-product","3":"status-publish","4":"has-post-thumbnail","6":"product_cat-artesanales","7":"product_cat-cervezas-la-sagra","8":"product_cat-la-sagra-especialidades","9":"product_cat-nuestras-cervezas","10":"product_tag-cerveza","11":"product_tag-cerveza-artesanal","12":"product_tag-cerveza-premium","13":"product_tag-la-sagra","14":"pa_alc-5e-5_4vol","15":"pa_estilo-f6-blondeale","16":"pa_formato-8a-botella33cl","17":"pa_informacionnutricional-68-100ml192kj46kcal","18":"pa_ingredientes-8f-agua_100maltadecebada_lupu","19":"pa_mantenimiento-d1-conservarenlugarlimpio_fre","20":"pa_temperaturadeconsumo-dd-2_4c","21":"pa_unidades-af-caja12udsx33cl","22":"pa_unidades-46-caja24udsx33cl","25":"onbackorder","26":"taxable","27":"shipping-taxable","28":"purchasable","29":"product-type-variable","30":"has-default-attributes"},"booking_location":null,"booking_location_type":null,"booking_duration":null,"booking_duration_unit":null,"booking_buffer":null,"booking_cost":null,"booking_resources":null,"acf":{"imagen_pagos":false,"ft_tipo":"Rubia","ft_alcohol":"5,4","ft_botellas":"2 Botella","ft_amargor":"13","ft_nivel_amargor":"Amargor 1","ft_atributos":[{"ft_nombre_atributo":"Fermentaci\u00f3n","ft_descripcion":"Alta (ALE)","ft_icono":"https:\/\/cervezalasagra.es\/tienda\/wp-content\/uploads\/2021\/05\/ico-fermentacion.png"},{"ft_nombre_atributo":"Ingredientes","ft_descripcion":"Agua, <strong>malta de cebada<\/strong>,  l\u00fapulo y levadura","ft_icono":"https:\/\/cervezalasagra.es\/tienda\/wp-content\/uploads\/2021\/05\/ico-ingredientes.png"},{"ft_nombre_atributo":"Contiene Gluten","ft_descripcion":"","ft_icono":"https:\/\/cervezalasagra.es\/tienda\/wp-content\/uploads\/2021\/05\/ico-alergenos.png"},{"ft_nombre_atributo":"T\u00aa de consumo","ft_descripcion":"4 y 6 C\u00ba","ft_icono":"https:\/\/cervezalasagra.es\/tienda\/wp-content\/uploads\/2021\/05\/ico-consumo.png"},{"ft_nombre_atributo":"Por 100 ml","ft_descripcion":"200 kJ \/ 48 kcal","ft_icono":"https:\/\/cervezalasagra.es\/tienda\/wp-content\/uploads\/2021\/05\/ico-nutricional.png"},{"ft_nombre_atributo":"Vista","ft_descripcion":"Anaranjado intenso","ft_icono":"https:\/\/cervezalasagra.es\/tienda\/wp-content\/uploads\/2021\/05\/ico-color.png"},{"ft_nombre_atributo":"Aroma","ft_descripcion":"Afrutado","ft_icono":"https:\/\/cervezalasagra.es\/tienda\/wp-content\/uploads\/2021\/05\/ico-aroma.png"},{"ft_nombre_atributo":"Gusto","ft_descripcion":"Cuerpo denso, sabor a frutas, con un amargor refrescante y floral","ft_icono":"https:\/\/cervezalasagra.es\/tienda\/wp-content\/uploads\/2023\/05\/gusto-e1684323297333.png"}],"ft_imagen_fondo":false,"m_imagen_fondo":"https:\/\/cervezalasagra.es\/tienda\/wp-content\/uploads\/2021\/06\/Maridaje-Pescados_Ensalada_Fritos.jpg","m_titulo":"\u00bfC\u00f3mo combinarlo?","m_alimentos":[{"m_nombre_alimento":"Aperitivos","m_icono_alimento":"https:\/\/cervezalasagra.es\/tienda\/wp-content\/uploads\/2020\/04\/Icono-Maridaje-Aperitivos.png"},{"m_nombre_alimento":"Pescados y Mariscos","m_icono_alimento":"https:\/\/cervezalasagra.es\/tienda\/wp-content\/uploads\/2020\/04\/Icono-Maridaje-Pescado-yMarisco.png"},{"m_nombre_alimento":"Ensaladas","m_icono_alimento":"https:\/\/cervezalasagra.es\/tienda\/wp-content\/uploads\/2020\/04\/Icono-Maridaje-Ensaladas.png"},{"m_nombre_alimento":"Fritos","m_icono_alimento":"https:\/\/cervezalasagra.es\/tienda\/wp-content\/uploads\/2020\/04\/Icono-Maridaje-Fritos.png"}],"pr_separador":false,"pr_titulo":"No te quedes sin probar...","b_separador":false,"b_titulo":"","b_imagen_1":false,"b_imagen_2":false,"b_imagen_3":false},"jetpack_sharing_enabled":true,"_links":{"self":[{"href":"https:\/\/cervezalasagra.es\/tienda\/wp-json\/wp\/v2\/product\/3901","targetHints":{"allow":["GET"]}}],"collection":[{"href":"https:\/\/cervezalasagra.es\/tienda\/wp-json\/wp\/v2\/product"}],"about":[{"href":"https:\/\/cervezalasagra.es\/tienda\/wp-json\/wp\/v2\/types\/product"}],"replies":[{"embeddable":true,"href":"https:\/\/cervezalasagra.es\/tienda\/wp-json\/wp\/v2\/comments?post=3901"}],"wp:featuredmedia":[{"embeddable":true,"href":"https:\/\/cervezalasagra.es\/tienda\/wp-json\/wp\/v2\/media\/20847"}],"wp:attachment":[{"href":"https:\/\/cervezalasagra.es\/tienda\/wp-json\/wp\/v2\/media?parent=3901"}],"wp:term":[{"taxonomy":"product_brand","embeddable":true,"href":"https:\/\/cervezalasagra.es\/tienda\/wp-json\/wp\/v2\/product_brand?post=3901"},{"taxonomy":"product_cat","embeddable":true,"href":"https:\/\/cervezalasagra.es\/tienda\/wp-json\/wp\/v2\/product_cat?post=3901"},{"taxonomy":"product_tag","embeddable":true,"href":"https:\/\/cervezalasagra.es\/tienda\/wp-json\/wp\/v2\/product_tag?post=3901"}],"curies":[{"name":"wp","href":"https:\/\/api.w.org\/{rel}","templated":true}]}}