{"id":4342,"date":"2021-06-03T14:17:33","date_gmt":"2021-06-03T13:17:33","guid":{"rendered":"https:\/\/cervezalasagra.es\/tienda\/index.php\/producto\/blue-moon-belgian-white-blanca-de-trigo-54-alc-caja\/"},"modified":"2026-04-12T18:24:59","modified_gmt":"2026-04-12T16:24:59","slug":"blue-moon-belgian-white-blanca-de-trigo-54-alc-caja","status":"publish","type":"product","link":"https:\/\/cervezalasagra.es\/tienda\/blue-moon-belgian-white-blanca-de-trigo-54-alc-caja\/","title":{"rendered":"Blue Moon <\/br> <span>12 o 24 Botellas 33 cl  <\/span>"},"content":{"rendered":"<p><span data-sheets-value=\"{&quot;1&quot;:2,&quot;2&quot;:&quot;Con un toque c\u00edtrico y un ligero aroma a trigo. Sabor \u00e1cido y vigoroso al inicio, y un toque a cilantro y naranja al final. La c\u00e1scara de naranja da una sutil dulzura a la cerveza. La avena aporta un cuerpo cremoso, que le da consistencia.&quot;}\" data-sheets-userformat=\"{&quot;2&quot;:897,&quot;3&quot;:{&quot;1&quot;:0},&quot;10&quot;:0,&quot;11&quot;:4,&quot;12&quot;:0}\">Con un toque c\u00edtrico y un ligero aroma a trigo. Sabor \u00e1cido y vigoroso al inicio, y un toque a cilantro y naranja al final. La c\u00e1scara de naranja da una sutil dulzura a la cerveza. La avena aporta un cuerpo cremoso, que le da consistencia.<\/span><\/p>\n","protected":false},"excerpt":{"rendered":"<p>Con un toque c\u00edtrico y un ligero aroma a trigo. Sabor \u00e1cido y vigoroso al inicio, y un toque a cilantro y naranja al final. La c\u00e1scara de naranja da una sutil dulzura a la cerveza. La avena aporta un cuerpo cremoso, que le da consistencia.<\/p>\n<p><b data-stringify-type=\"bold\">GASTOS DE ENV\u00cdO GRATIS<\/b><\/p>\n<p style=\"font-size: 10px;\">* Precio\/Litro: Pack 12 Botellas: 4,54\u20ac<br \/>\n* Precio\/Litro: Pack 24 Botellas: 4,41\u20ac<\/p>\n","protected":false},"featured_media":9501,"comment_status":"open","ping_status":"closed","template":"","meta":{"_acf_changed":false},"product_brand":[],"product_cat":[67,502],"product_tag":[408,244,412,236,245,411],"class_list":{"0":"post-4342","1":"product","2":"type-product","3":"status-publish","4":"has-post-thumbnail","6":"product_cat-de-importacion","7":"product_cat-otras-cervezas","8":"product_tag-belgian","9":"product_tag-blanca","10":"product_tag-bluemoon","11":"product_tag-cerveza","12":"product_tag-cerveza-trigo","13":"product_tag-white","14":"pa_alc-5e-5_4vol","15":"pa_estilo-7e-belgianwhite","16":"pa_formato-8a-botella33cl","17":"pa_ingredientes-30-agua_100maltadecebadaytrig","18":"pa_mantenimiento-d1-conservarenlugarlimpio_fre","19":"pa_temperaturadeconsumo-dd-2_4c","20":"pa_unidades-af-caja12udsx33cl","21":"pa_unidades-46-caja24udsx33cl","24":"onbackorder","25":"taxable","26":"shipping-taxable","27":"purchasable","28":"product-type-variable","29":"has-default-attributes"},"booking_location":null,"booking_location_type":null,"booking_duration":null,"booking_duration_unit":null,"booking_buffer":null,"booking_cost":null,"booking_resources":null,"acf":{"imagen_pagos":false,"ft_tipo":"Belgian White","ft_alcohol":"5,4","ft_botellas":"2 Botella","ft_amargor":"10","ft_nivel_amargor":"Amargor 1","ft_atributos":[{"ft_nombre_atributo":"Fermentaci\u00f3n","ft_descripcion":"Alta (ALE)","ft_icono":"https:\/\/cervezalasagra.es\/tienda\/wp-content\/uploads\/2021\/05\/ico-fermentacion.png"},{"ft_nombre_atributo":"Contiene","ft_descripcion":"Cebada y trigo","ft_icono":"https:\/\/cervezalasagra.es\/tienda\/wp-content\/uploads\/2021\/05\/ico-ingredientes.png"},{"ft_nombre_atributo":"Contiene Gluten","ft_descripcion":"","ft_icono":"https:\/\/cervezalasagra.es\/tienda\/wp-content\/uploads\/2021\/05\/ico-alergenos.png"},{"ft_nombre_atributo":"T\u00aa de consumo","ft_descripcion":"4 y 6 C\u00ba","ft_icono":"https:\/\/cervezalasagra.es\/tienda\/wp-content\/uploads\/2021\/05\/ico-consumo.png"},{"ft_nombre_atributo":"Por 100 ml","ft_descripcion":"200 kJ \/ 40 kcal","ft_icono":"https:\/\/cervezalasagra.es\/tienda\/wp-content\/uploads\/2021\/05\/ico-nutricional.png"},{"ft_nombre_atributo":"Color","ft_descripcion":"Pajizo","ft_icono":"https:\/\/cervezalasagra.es\/tienda\/wp-content\/uploads\/2021\/05\/ico-color.png"},{"ft_nombre_atributo":"Aroma","ft_descripcion":"Afrutado, naranja","ft_icono":"https:\/\/cervezalasagra.es\/tienda\/wp-content\/uploads\/2021\/05\/ico-aroma.png"}],"ft_imagen_fondo":false,"m_imagen_fondo":false,"m_titulo":"","m_alimentos":false,"pr_separador":false,"pr_titulo":"No te quedes sin probar...","b_separador":false,"b_titulo":"","b_imagen_1":false,"b_imagen_2":false,"b_imagen_3":false},"jetpack_sharing_enabled":true,"_links":{"self":[{"href":"https:\/\/cervezalasagra.es\/tienda\/wp-json\/wp\/v2\/product\/4342","targetHints":{"allow":["GET"]}}],"collection":[{"href":"https:\/\/cervezalasagra.es\/tienda\/wp-json\/wp\/v2\/product"}],"about":[{"href":"https:\/\/cervezalasagra.es\/tienda\/wp-json\/wp\/v2\/types\/product"}],"replies":[{"embeddable":true,"href":"https:\/\/cervezalasagra.es\/tienda\/wp-json\/wp\/v2\/comments?post=4342"}],"wp:featuredmedia":[{"embeddable":true,"href":"https:\/\/cervezalasagra.es\/tienda\/wp-json\/wp\/v2\/media\/9501"}],"wp:attachment":[{"href":"https:\/\/cervezalasagra.es\/tienda\/wp-json\/wp\/v2\/media?parent=4342"}],"wp:term":[{"taxonomy":"product_brand","embeddable":true,"href":"https:\/\/cervezalasagra.es\/tienda\/wp-json\/wp\/v2\/product_brand?post=4342"},{"taxonomy":"product_cat","embeddable":true,"href":"https:\/\/cervezalasagra.es\/tienda\/wp-json\/wp\/v2\/product_cat?post=4342"},{"taxonomy":"product_tag","embeddable":true,"href":"https:\/\/cervezalasagra.es\/tienda\/wp-json\/wp\/v2\/product_tag?post=4342"}],"curies":[{"name":"wp","href":"https:\/\/api.w.org\/{rel}","templated":true}]}}