{"id":4504,"date":"2013-04-01T01:04:14","date_gmt":"2013-04-01T00:04:14","guid":{"rendered":"https:\/\/cervezalasagra.es\/tienda\/index.php\/producto\/la-sagra-sin-gluten-50-alc-caja\/"},"modified":"2026-04-13T21:09:13","modified_gmt":"2026-04-13T19:09:13","slug":"la-sagra-sin-gluten-50-alc-caja","status":"publish","type":"product","link":"https:\/\/cervezalasagra.es\/tienda\/la-sagra-sin-gluten-50-alc-caja\/","title":{"rendered":"LA SAGRA Sin Gluten<\/br> <span>12 o 24 botellas 33 cl &#8211; 5% vol.<\/span>"},"content":{"rendered":"<p>LA SAGRA\u00a0Sin Gluten \/ Botella 33cl.<\/p>\n<p>Nuestra cerveza Sin Gluten te ofrece todo el sabor de una lager para que solo tengas que preocuparte de una cosa: disfrutarla.<\/p>\n<p><strong>Gastos de env\u00edo GRATIS<\/strong><\/p>\n","protected":false},"excerpt":{"rendered":"<p>Disfrutar de LA SAGRA est\u00e1 al alcance de todos; tambi\u00e9n de aquellos que tienen enfermedad celiaca, o que desean prescindir de \u00e9l. En LA SAGRA lo eliminamos para que los consumidores puedan disfrutar de la gran variedad de matices que proporciona la malta de cebada con total tranquilidad. El resultado: premiada con una medalla de plata en la London Beer Competition. Una experiencia 100% LA SAGRA, Sin Gluten.<\/p>\n<p><b data-stringify-type=\"bold\">GASTOS DE ENV\u00cdO GRATIS<\/b><\/p>\n<p style=\"font-size: 10px;\">* Precio\/Litro: Pack 12 Botellas: 4,54\u20ac<br \/>\n* Precio\/Litro: Pack 24 Botellas: 4,41\u20ac<\/p>\n","protected":false},"featured_media":21404,"comment_status":"open","ping_status":"closed","template":"","meta":{"_acf_changed":false},"product_brand":[],"product_cat":[66,63,499,498,73],"product_tag":[236,380,358,413,381,238],"class_list":{"0":"post-4504","1":"product","2":"type-product","3":"status-publish","4":"has-post-thumbnail","6":"product_cat-artesanales","7":"product_cat-cervezas-la-sagra","8":"product_cat-la-sagra-nuestras-cervezas","9":"product_cat-nuestras-cervezas","10":"product_cat-sin-gluten","11":"product_tag-cerveza","12":"product_tag-cerveza-artesana","13":"product_tag-cerveza-la-sagra","14":"product_tag-cerveza-lager","15":"product_tag-cerveza-rubia","16":"product_tag-la-sagra","17":"pa_alc-aa-5_0vol","18":"pa_estilo-33-lager","19":"pa_formato-8a-botella33cl","20":"pa_informacionnutricional-8d-100ml172kj41kcal","21":"pa_ingredientes-da-agua_maltadecebada_lupuloy","22":"pa_mantenimiento-d1-conservarenlugarlimpio_fre","23":"pa_temperaturadeconsumo-a1-4_6c","24":"pa_unidades-af-caja12udsx33cl","25":"pa_unidades-46-caja24udsx33cl","28":"instock","29":"taxable","30":"shipping-taxable","31":"purchasable","32":"product-type-variable","33":"has-default-attributes"},"booking_location":null,"booking_location_type":null,"booking_duration":null,"booking_duration_unit":null,"booking_buffer":null,"booking_cost":null,"booking_resources":null,"acf":{"imagen_pagos":false,"ft_tipo":"Lager","ft_alcohol":"5","ft_botellas":"2 Botella","ft_amargor":"11","ft_nivel_amargor":"Amargor 1","ft_atributos":[{"ft_nombre_atributo":"Fermentaci\u00f3n","ft_descripcion":"Baja (LAGER)","ft_icono":"https:\/\/cervezalasagra.es\/tienda\/wp-content\/uploads\/2021\/05\/ico-fermentacion.png"},{"ft_nombre_atributo":"Ingredientes","ft_descripcion":"Agua, <strong>malta de cebada<\/strong>,  l\u00fapulo y levadura","ft_icono":"https:\/\/cervezalasagra.es\/tienda\/wp-content\/uploads\/2021\/05\/ico-ingredientes.png"},{"ft_nombre_atributo":"Sin Gluten","ft_descripcion":"","ft_icono":"https:\/\/cervezalasagra.es\/tienda\/wp-content\/uploads\/2021\/05\/ico-alergenos.png"},{"ft_nombre_atributo":"T\u00aa de consumo","ft_descripcion":"4 y 6 C\u00ba","ft_icono":"https:\/\/cervezalasagra.es\/tienda\/wp-content\/uploads\/2021\/05\/ico-consumo.png"},{"ft_nombre_atributo":"Por 100 ml","ft_descripcion":"171 kJ \/ 41 kcal","ft_icono":"https:\/\/cervezalasagra.es\/tienda\/wp-content\/uploads\/2021\/05\/ico-nutricional.png"},{"ft_nombre_atributo":"Color","ft_descripcion":"Dorado suave y brillante","ft_icono":"https:\/\/cervezalasagra.es\/tienda\/wp-content\/uploads\/2021\/05\/ico-color.png"},{"ft_nombre_atributo":"Aroma","ft_descripcion":"Caracter\u00edstico aroma maltoso y floral","ft_icono":"https:\/\/cervezalasagra.es\/tienda\/wp-content\/uploads\/2021\/05\/ico-aroma.png"},{"ft_nombre_atributo":"Gusto","ft_descripcion":"Notas afrutadas y un ligero amargor final","ft_icono":"https:\/\/cervezalasagra.es\/tienda\/wp-content\/uploads\/2023\/05\/gusto-e1684323297333.png"}],"ft_imagen_fondo":false,"m_imagen_fondo":"https:\/\/cervezalasagra.es\/tienda\/wp-content\/uploads\/2021\/06\/Maridaje-Pescados_Ensalada_Fritos.jpg","m_titulo":"\u00bfC\u00f3mo combinarlo?","m_alimentos":[{"m_nombre_alimento":"Aperitivos","m_icono_alimento":"https:\/\/cervezalasagra.es\/tienda\/wp-content\/uploads\/2020\/04\/Icono-Maridaje-Aperitivos.png"},{"m_nombre_alimento":"Pescados y Mariscos","m_icono_alimento":"https:\/\/cervezalasagra.es\/tienda\/wp-content\/uploads\/2020\/04\/Icono-Maridaje-Pescado-yMarisco.png"},{"m_nombre_alimento":"Ensaladas","m_icono_alimento":"https:\/\/cervezalasagra.es\/tienda\/wp-content\/uploads\/2020\/04\/Icono-Maridaje-Ensaladas.png"},{"m_nombre_alimento":"Fritos","m_icono_alimento":"https:\/\/cervezalasagra.es\/tienda\/wp-content\/uploads\/2020\/04\/Icono-Maridaje-Fritos.png"}],"pr_separador":false,"pr_titulo":"No te quedes sin probar...","b_separador":false,"b_titulo":"","b_imagen_1":false,"b_imagen_2":false,"b_imagen_3":false},"jetpack_sharing_enabled":true,"_links":{"self":[{"href":"https:\/\/cervezalasagra.es\/tienda\/wp-json\/wp\/v2\/product\/4504","targetHints":{"allow":["GET"]}}],"collection":[{"href":"https:\/\/cervezalasagra.es\/tienda\/wp-json\/wp\/v2\/product"}],"about":[{"href":"https:\/\/cervezalasagra.es\/tienda\/wp-json\/wp\/v2\/types\/product"}],"replies":[{"embeddable":true,"href":"https:\/\/cervezalasagra.es\/tienda\/wp-json\/wp\/v2\/comments?post=4504"}],"wp:featuredmedia":[{"embeddable":true,"href":"https:\/\/cervezalasagra.es\/tienda\/wp-json\/wp\/v2\/media\/21404"}],"wp:attachment":[{"href":"https:\/\/cervezalasagra.es\/tienda\/wp-json\/wp\/v2\/media?parent=4504"}],"wp:term":[{"taxonomy":"product_brand","embeddable":true,"href":"https:\/\/cervezalasagra.es\/tienda\/wp-json\/wp\/v2\/product_brand?post=4504"},{"taxonomy":"product_cat","embeddable":true,"href":"https:\/\/cervezalasagra.es\/tienda\/wp-json\/wp\/v2\/product_cat?post=4504"},{"taxonomy":"product_tag","embeddable":true,"href":"https:\/\/cervezalasagra.es\/tienda\/wp-json\/wp\/v2\/product_tag?post=4504"}],"curies":[{"name":"wp","href":"https:\/\/api.w.org\/{rel}","templated":true}]}}